{"id":281,"date":"2017-12-11T14:47:36","date_gmt":"2017-12-11T14:47:36","guid":{"rendered":"http:\/\/sportwart.bck08.de\/?page_id=281"},"modified":"2025-03-17T19:29:18","modified_gmt":"2025-03-17T19:29:18","slug":"impressum","status":"publish","type":"page","link":"https:\/\/bck08.de\/?page_id=281","title":{"rendered":"Impressum"},"content":{"rendered":"<pre><span style=\"font-family: arial, helvetica, sans-serif;\"><span style=\"font-size: 14pt;\">Boule Club Kleve 08 e.V.\r\n<\/span><span style=\"font-size: 18.6667px;\">Breslauer Str. 25\r\nD-47533 Kleve<\/span>\r\n<span style=\"font-size: 14pt;\">fon: +49 2821 7413200<\/span>\r\n<span style=\"font-size: 14pt;\">eMail: info@bck08.de<\/span>\r\n \r\n<span style=\"font-size: 14pt;\">Verantwortlich f\u00fcr den redaktionellen Inhalt:<\/span>\r\n<span style=\"font-size: 14pt;\">Steffen Haas<\/span>\r\n \r\n<span style=\"font-size: 14pt;\">Registergericht:<\/span>\r\n<span style=\"font-size: 14pt;\">Amtsgericht Kleve, Registerblatt VR 1245<\/span><\/span><\/pre>\n<pre><span style=\"font-family: arial, helvetica, sans-serif;\"><span style=\"font-size: 14pt;\">Urheberrecht:<\/span>\r\n<span style=\"font-size: 14pt;\">Das Copyright f\u00fcr ver\u00f6ffentlichte, von Boule Club Kleve 08 e.V. selbst erstellte Objekte, unterliegen dem deutschen Urheberrecht und bleibt allein beim Boule Club Kleve 08 e.V. Eine Vervielf\u00e4ltigung, Bearbeitung, Verbreitung und jede Art von Verwertung von Grafiken, Tondokumenten, Videosequenzen und Texten in anderen elektronischen oder gedruckten Publikationen au\u00dferhalb der Grenzen des Urheberrechts ist ohne ausdr\u00fcckliche schriftliche Zustimmung von Boule Club Kleve 08 e.V. nicht gestattet. Erg\u00e4nzend wird dabei auf folgende Paragrafen verwiesen: \u00a7\u00a7 1, 16, 12, 16, 69c UrhG.<\/span>\r\n\r\n<span style=\"font-size: 14pt;\">Beitr\u00e4ge Dritter sind als solche gekennzeichnet. Downloads und Kopien dieser Seite sind nur f\u00fcr den privaten, nicht kommerziellen Gebrauch gestattet.<\/span>\r\n \r\n<span style=\"font-size: 14pt;\">Datenschutz:<\/span>\r\n<span style=\"font-size: 14pt;\">Alle Inhalte wie Texte, Bilder oder Musikst\u00fccke sind inhaltlich gesch\u00fctzt und d\u00fcrfen ohne die schriftliche Genehmigung weder ganz noch teilweise vervielf\u00e4ltigt, weitergegeben, verbreitet oder gespeichert werden (n\u00e4heres siehe Punkt \u201eUrheberrecht\u201c)<\/span>\r\n\r\n<span style=\"font-size: 14pt;\">Haftungsausschluss:<\/span>\r\n<span style=\"font-size: 14pt;\">Mit Urteil vom 12. Mai 1998 hat das Landgericht Hamburg entschieden, dass man durch die Ausbringung eines Links die Inhalte der verlinkten Seite ggf. mit zu verantworten hat. Dies kann, so das LG, nur dadurch verhindert werden, dass man sich ausdr\u00fccklich von diesen Inhalten distanziert. Wir haben auf unseren Seiten Links zu anderen Seiten im Internet gelegt. F\u00fcr alle diese Links gilt: Der Boule Club Kleve 08 e.V. erkl\u00e4rt ausdr\u00fccklich, dass er keinerlei Einfluss auf die Gestaltung und die Inhalte der verlinkten Seiten hat. Deshalb distanziert sich der Boule Club Kleve 08 e.V. hiermit ausdr\u00fccklich von allen Inhalten aller verlinkten Seiten auf dieser Homepage und macht sich diese Inhalte nicht zu eigen. Diese Erkl\u00e4rung gilt f\u00fcr alle in dieser Domain angezeigten Links und f\u00fcr alle Inhalte der Seiten, zu denen die Links f\u00fchren.<\/span><\/span><\/pre>\n","protected":false},"excerpt":{"rendered":"<p>Boule Club Kleve 08 e.V. Breslauer Str. 25 D-47533 Kleve fon: +49 2821 7413200 eMail: info@bck08.de Verantwortlich f\u00fcr den redaktionellen Inhalt: Steffen Haas Registergericht: Amtsgericht Kleve, Registerblatt VR 1245 Urheberrecht: [&hellip;]<\/p>\n","protected":false},"author":1,"featured_media":0,"parent":0,"menu_order":0,"comment_status":"closed","ping_status":"closed","template":"","meta":{"_EventAllDay":false,"_EventTimezone":"","_EventStartDate":"","_EventEndDate":"","_EventStartDateUTC":"","_EventEndDateUTC":"","_EventShowMap":false,"_EventShowMapLink":false,"_EventURL":"","_EventCost":"","_EventCostDescription":"","_EventCurrencySymbol":"","_EventCurrencyCode":"","_EventCurrencyPosition":"","_EventDateTimeSeparator":"","_EventTimeRangeSeparator":"","_EventOrganizerID":[],"_EventVenueID":[],"_OrganizerEmail":"","_OrganizerPhone":"","_OrganizerWebsite":"","_VenueAddress":"","_VenueCity":"","_VenueCountry":"","_VenueProvince":"","_VenueState":"","_VenueZip":"","_VenuePhone":"","_VenueURL":"","_VenueStateProvince":"","_VenueLat":"","_VenueLng":"","_VenueShowMap":false,"_VenueShowMapLink":false,"footnotes":""},"class_list":["post-281","page","type-page","status-publish","hentry"],"_links":{"self":[{"href":"https:\/\/bck08.de\/index.php?rest_route=\/wp\/v2\/pages\/281","targetHints":{"allow":["GET"]}}],"collection":[{"href":"https:\/\/bck08.de\/index.php?rest_route=\/wp\/v2\/pages"}],"about":[{"href":"https:\/\/bck08.de\/index.php?rest_route=\/wp\/v2\/types\/page"}],"author":[{"embeddable":true,"href":"https:\/\/bck08.de\/index.php?rest_route=\/wp\/v2\/users\/1"}],"replies":[{"embeddable":true,"href":"https:\/\/bck08.de\/index.php?rest_route=%2Fwp%2Fv2%2Fcomments&post=281"}],"version-history":[{"count":14,"href":"https:\/\/bck08.de\/index.php?rest_route=\/wp\/v2\/pages\/281\/revisions"}],"predecessor-version":[{"id":3330,"href":"https:\/\/bck08.de\/index.php?rest_route=\/wp\/v2\/pages\/281\/revisions\/3330"}],"wp:attachment":[{"href":"https:\/\/bck08.de\/index.php?rest_route=%2Fwp%2Fv2%2Fmedia&parent=281"}],"curies":[{"name":"wp","href":"https:\/\/api.w.org\/{rel}","templated":true}]}}